{"id":1144,"date":"2022-02-20T21:27:26","date_gmt":"2022-02-20T20:27:26","guid":{"rendered":"http:\/\/johanna-sophia.de\/?page_id=1144"},"modified":"2026-04-13T15:28:09","modified_gmt":"2026-04-13T13:28:09","slug":"mp-kollektiv","status":"publish","type":"page","link":"https:\/\/johanna-sophia.de\/?page_id=1144","title":{"rendered":"MP Kollektiv"},"content":{"rendered":"\t\t<div data-elementor-type=\"wp-page\" data-elementor-id=\"1144\" class=\"elementor elementor-1144\">\n\t\t\t\t\t\t\t\t\t<section class=\"elementor-section elementor-top-section elementor-element elementor-element-3503f98 elementor-section-boxed elementor-section-height-default elementor-section-height-default\" data-id=\"3503f98\" data-element_type=\"section\">\n\t\t\t\t\t\t<div class=\"elementor-container elementor-column-gap-default\">\n\t\t\t\t\t<div class=\"elementor-column elementor-col-100 elementor-top-column elementor-element elementor-element-984de30\" data-id=\"984de30\" data-element_type=\"column\">\n\t\t\t<div class=\"elementor-widget-wrap elementor-element-populated\">\n\t\t\t\t\t\t\t\t<div class=\"elementor-element elementor-element-194ac06 elementor-widget elementor-widget-video\" data-id=\"194ac06\" data-element_type=\"widget\" data-settings=\"{&quot;youtube_url&quot;:&quot;https:\\\/\\\/www.youtube.com\\\/watch?v=7yYFxxAdY90&quot;,&quot;video_type&quot;:&quot;youtube&quot;,&quot;controls&quot;:&quot;yes&quot;}\" data-widget_type=\"video.default\">\n\t\t\t\t<div class=\"elementor-widget-container\">\n\t\t\t\t\t<div class=\"elementor-wrapper elementor-open-inline\">\n\t\t\t<div class=\"elementor-video\"><\/div>\t\t<\/div>\n\t\t\t\t<\/div>\n\t\t\t\t<\/div>\n\t\t\t\t<div class=\"elementor-element elementor-element-c7501f4 elementor-widget elementor-widget-text-editor\" data-id=\"c7501f4\" data-element_type=\"widget\" data-widget_type=\"text-editor.default\">\n\t\t\t\t<div class=\"elementor-widget-container\">\n\t\t\t\t\t\t\t<p>2020 mit dem Beginn der Pandemie schlossen sich die K\u00fcnstler*innen Esther Falk (Figurentheater), Veronika Reichhard-Bakri (Nouveaux Cirque und Schauspiel), Sophia M\u00fcller (Schauspiel und Musik), Dora Lanz (B\u00fchnenbild) und Johannes Werner (Schlagzeug und Performance) zum MP-Kollektiv zusammen. W\u00e4hrend der Lockdowns arbeiteten sie in Workshops am Thema \u201eZerbrechlichkeit\u201c und \u201eRisse in der Oberfl\u00e4che\u201c und setzten sich so intensiv, k\u00fcnstlerisch mit der Pandemie-Situation auseinander. Das heterogene Kollektiv experimentiert an der Schnittstelle von bildhafter und musikalischer Sprache und verbalem aber vor allem auch nonverbalem Ausdruck, sowie mit der Interaktion zwischen \u201aPerformer*innen-Figur-Publikum\u2018.<\/p><hr \/>\t\t\t\t\t\t<\/div>\n\t\t\t\t<\/div>\n\t\t\t\t<div class=\"elementor-element elementor-element-ef2c2c8 elementor-widget elementor-widget-text-editor\" data-id=\"ef2c2c8\" data-element_type=\"widget\" data-widget_type=\"text-editor.default\">\n\t\t\t\t<div class=\"elementor-widget-container\">\n\t\t\t\t\t\t\t<h2><strong>G\u00d6TTERD\u00c4MMERUNG<\/strong><\/h2><div>Eine theatrale Heldendemontage \/ MP-Kollektiv<\/div><div>Performance mit Musik, Figurentheater, und einer Jugend in den 90ern<\/div>\t\t\t\t\t\t<\/div>\n\t\t\t\t<\/div>\n\t\t\t\t<div class=\"elementor-element elementor-element-8902e79 elementor-arrows-position-outside elementor-widget elementor-widget-image-carousel\" data-id=\"8902e79\" data-element_type=\"widget\" data-settings=\"{&quot;slides_to_show&quot;:&quot;1&quot;,&quot;navigation&quot;:&quot;arrows&quot;,&quot;autoplay&quot;:&quot;yes&quot;,&quot;pause_on_hover&quot;:&quot;yes&quot;,&quot;pause_on_interaction&quot;:&quot;yes&quot;,&quot;autoplay_speed&quot;:5000,&quot;infinite&quot;:&quot;yes&quot;,&quot;effect&quot;:&quot;slide&quot;,&quot;speed&quot;:500}\" data-widget_type=\"image-carousel.default\">\n\t\t\t\t<div class=\"elementor-widget-container\">\n\t\t\t\t\t<div class=\"elementor-image-carousel-wrapper swiper-container\" dir=\"ltr\">\n\t\t\t<div class=\"elementor-image-carousel swiper-wrapper\" aria-live=\"off\">\n\t\t\t\t\t\t\t\t<div class=\"swiper-slide\" role=\"group\" aria-roledescription=\"slide\" aria-label=\"1 von 25\"><figure class=\"swiper-slide-inner\"><img class=\"swiper-slide-image\" src=\"https:\/\/johanna-sophia.de\/wp-content\/uploads\/2022\/04\/IAN_2377_Foto-Atelier-Oradoro-FerdinandoIannone-768x511.jpg\" alt=\"\" \/><\/figure><\/div><div class=\"swiper-slide\" role=\"group\" aria-roledescription=\"slide\" aria-label=\"2 von 25\"><figure class=\"swiper-slide-inner\"><img class=\"swiper-slide-image\" src=\"https:\/\/johanna-sophia.de\/wp-content\/uploads\/2022\/04\/IAN_1795_Foto-Atelier-Oradoro-FerdinandoIannone-Kopie-768x511.jpg\" alt=\"\" \/><\/figure><\/div><div class=\"swiper-slide\" role=\"group\" aria-roledescription=\"slide\" aria-label=\"3 von 25\"><figure class=\"swiper-slide-inner\"><img class=\"swiper-slide-image\" src=\"https:\/\/johanna-sophia.de\/wp-content\/uploads\/2022\/04\/IAN_2259_Foto-Atelier-Oradoro-FerdinandoIannone-768x511.jpg\" alt=\"\" \/><\/figure><\/div><div class=\"swiper-slide\" role=\"group\" aria-roledescription=\"slide\" aria-label=\"4 von 25\"><figure class=\"swiper-slide-inner\"><img class=\"swiper-slide-image\" src=\"https:\/\/johanna-sophia.de\/wp-content\/uploads\/2022\/04\/IAN_2215_Foto-Atelier-Oradoro-FerdinandoIannone-768x511.jpg\" alt=\"\" \/><\/figure><\/div><div class=\"swiper-slide\" role=\"group\" aria-roledescription=\"slide\" aria-label=\"5 von 25\"><figure class=\"swiper-slide-inner\"><img class=\"swiper-slide-image\" src=\"https:\/\/johanna-sophia.de\/wp-content\/uploads\/2022\/04\/IAN_2187_Foto-Atelier-Oradoro-FerdinandoIannone-768x511.jpg\" alt=\"\" \/><\/figure><\/div><div class=\"swiper-slide\" role=\"group\" aria-roledescription=\"slide\" aria-label=\"6 von 25\"><figure class=\"swiper-slide-inner\"><img class=\"swiper-slide-image\" src=\"https:\/\/johanna-sophia.de\/wp-content\/uploads\/2022\/04\/IAN_2317_Foto-Atelier-Oradoro-FerdinandoIannone-768x511.jpg\" alt=\"\" \/><\/figure><\/div><div class=\"swiper-slide\" role=\"group\" aria-roledescription=\"slide\" aria-label=\"7 von 25\"><figure class=\"swiper-slide-inner\"><img class=\"swiper-slide-image\" src=\"https:\/\/johanna-sophia.de\/wp-content\/uploads\/2022\/04\/IAN_2360_Foto-Atelier-Oradoro-FerdinandoIannone-768x511.jpg\" alt=\"\" \/><\/figure><\/div><div class=\"swiper-slide\" role=\"group\" aria-roledescription=\"slide\" aria-label=\"8 von 25\"><figure class=\"swiper-slide-inner\"><img class=\"swiper-slide-image\" src=\"https:\/\/johanna-sophia.de\/wp-content\/uploads\/2022\/04\/IAN_2157_Foto-Atelier-Oradoro-FerdinandoIannone-768x511.jpg\" alt=\"\" \/><\/figure><\/div><div class=\"swiper-slide\" role=\"group\" aria-roledescription=\"slide\" aria-label=\"9 von 25\"><figure class=\"swiper-slide-inner\"><img class=\"swiper-slide-image\" src=\"https:\/\/johanna-sophia.de\/wp-content\/uploads\/2022\/04\/IAN_2322_Foto-Atelier-Oradoro-FerdinandoIannone-768x511.jpg\" alt=\"\" \/><\/figure><\/div><div class=\"swiper-slide\" role=\"group\" aria-roledescription=\"slide\" aria-label=\"10 von 25\"><figure class=\"swiper-slide-inner\"><img class=\"swiper-slide-image\" src=\"https:\/\/johanna-sophia.de\/wp-content\/uploads\/2022\/04\/IAN_1967_Foto-Atelier-Oradoro-FerdinandoIannone-Kopie-768x511.jpg\" alt=\"\" \/><\/figure><\/div><div class=\"swiper-slide\" role=\"group\" aria-roledescription=\"slide\" aria-label=\"11 von 25\"><figure class=\"swiper-slide-inner\"><img class=\"swiper-slide-image\" src=\"https:\/\/johanna-sophia.de\/wp-content\/uploads\/2022\/04\/IAN_1862_Foto-Atelier-Oradoro-FerdinandoIannone-Kopie-768x511.jpg\" alt=\"\" \/><\/figure><\/div><div class=\"swiper-slide\" role=\"group\" aria-roledescription=\"slide\" aria-label=\"12 von 25\"><figure class=\"swiper-slide-inner\"><img class=\"swiper-slide-image\" src=\"https:\/\/johanna-sophia.de\/wp-content\/uploads\/2022\/04\/IAN_1818_Foto-Atelier-Oradoro-FerdinandoIannone-Kopie-768x511.jpg\" alt=\"\" \/><\/figure><\/div><div class=\"swiper-slide\" role=\"group\" aria-roledescription=\"slide\" aria-label=\"13 von 25\"><figure class=\"swiper-slide-inner\"><img class=\"swiper-slide-image\" src=\"https:\/\/johanna-sophia.de\/wp-content\/uploads\/2022\/04\/IAN_1722_Foto-Atelier-Oradoro-FerdinandoIannone-Kopie-768x511.jpg\" alt=\"\" \/><\/figure><\/div><div class=\"swiper-slide\" role=\"group\" aria-roledescription=\"slide\" aria-label=\"14 von 25\"><figure class=\"swiper-slide-inner\"><img class=\"swiper-slide-image\" src=\"https:\/\/johanna-sophia.de\/wp-content\/uploads\/2022\/04\/IAN_1740_Foto-Atelier-Oradoro-FerdinandoIannone-Kopie-768x511.jpg\" alt=\"\" \/><\/figure><\/div><div class=\"swiper-slide\" role=\"group\" aria-roledescription=\"slide\" aria-label=\"15 von 25\"><figure class=\"swiper-slide-inner\"><img class=\"swiper-slide-image\" src=\"https:\/\/johanna-sophia.de\/wp-content\/uploads\/2022\/04\/IAN_1652_Foto-Atelier-Oradoro-FerdinandoIannone-Kopie-768x511.jpg\" alt=\"\" \/><\/figure><\/div><div class=\"swiper-slide\" role=\"group\" aria-roledescription=\"slide\" aria-label=\"16 von 25\"><figure class=\"swiper-slide-inner\"><img class=\"swiper-slide-image\" src=\"https:\/\/johanna-sophia.de\/wp-content\/uploads\/2022\/04\/IAN_1802_Foto-Atelier-Oradoro-FerdinandoIannone-Kopie-768x511.jpg\" alt=\"\" \/><\/figure><\/div><div class=\"swiper-slide\" role=\"group\" aria-roledescription=\"slide\" aria-label=\"17 von 25\"><figure class=\"swiper-slide-inner\"><img class=\"swiper-slide-image\" src=\"https:\/\/johanna-sophia.de\/wp-content\/uploads\/2022\/04\/WhatsApp-Image-2022-04-02-at-23.19.58-768x576.jpeg\" alt=\"\" \/><\/figure><\/div><div class=\"swiper-slide\" role=\"group\" aria-roledescription=\"slide\" aria-label=\"18 von 25\"><figure class=\"swiper-slide-inner\"><img class=\"swiper-slide-image\" src=\"https:\/\/johanna-sophia.de\/wp-content\/uploads\/2022\/04\/IAN_2378_Foto-Atelier-Oradoro-FerdinandoIannone-768x511.jpg\" alt=\"\" \/><\/figure><\/div><div class=\"swiper-slide\" role=\"group\" aria-roledescription=\"slide\" aria-label=\"19 von 25\"><figure class=\"swiper-slide-inner\"><img class=\"swiper-slide-image\" src=\"https:\/\/johanna-sophia.de\/wp-content\/uploads\/2022\/04\/IAN_1721_Foto-Atelier-Oradoro-FerdinandoIannone-768x511.jpg\" alt=\"Theater G\u00f6tterd\u00e4mmerung \/ MP-Kollektiv - Performance mit Musik, Figurentheater, und einer Jugend in den 90ern - Regie: Veronika Reichard-Bakri. Spiel\/Livemusik\/Ausstattung: Esther Falk, Johanna Sophia M\u00fcller, Dorothea Lanz, Johannes Werner - In Kooperation mit dem FITZ Theater animierter Formen und dem Kunstverein Wagenhalle e. V.. - Projektraum Kunstverein Wagenhalle - Foto Atelier Oradoro\u00a9\" \/><\/figure><\/div><div class=\"swiper-slide\" role=\"group\" aria-roledescription=\"slide\" aria-label=\"20 von 25\"><figure class=\"swiper-slide-inner\"><img class=\"swiper-slide-image\" src=\"https:\/\/johanna-sophia.de\/wp-content\/uploads\/2022\/04\/IAN_2340_Foto-Atelier-Oradoro-FerdinandoIannone-768x511.jpg\" alt=\"\" \/><\/figure><\/div><div class=\"swiper-slide\" role=\"group\" aria-roledescription=\"slide\" aria-label=\"21 von 25\"><figure class=\"swiper-slide-inner\"><img class=\"swiper-slide-image\" src=\"https:\/\/johanna-sophia.de\/wp-content\/uploads\/2022\/04\/IAN_2274_Foto-Atelier-Oradoro-FerdinandoIannone-768x511.jpg\" alt=\"\" \/><\/figure><\/div><div class=\"swiper-slide\" role=\"group\" aria-roledescription=\"slide\" aria-label=\"22 von 25\"><figure class=\"swiper-slide-inner\"><img class=\"swiper-slide-image\" src=\"https:\/\/johanna-sophia.de\/wp-content\/uploads\/2022\/04\/IAN_2265_Foto-Atelier-Oradoro-FerdinandoIannone-768x511.jpg\" alt=\"\" \/><\/figure><\/div><div class=\"swiper-slide\" role=\"group\" aria-roledescription=\"slide\" aria-label=\"23 von 25\"><figure class=\"swiper-slide-inner\"><img class=\"swiper-slide-image\" src=\"https:\/\/johanna-sophia.de\/wp-content\/uploads\/2022\/04\/IAN_2204_Foto-Atelier-Oradoro-FerdinandoIannone-768x511.jpg\" alt=\"\" \/><\/figure><\/div><div class=\"swiper-slide\" role=\"group\" aria-roledescription=\"slide\" aria-label=\"24 von 25\"><figure class=\"swiper-slide-inner\"><img class=\"swiper-slide-image\" src=\"https:\/\/johanna-sophia.de\/wp-content\/uploads\/2022\/04\/IAN_2196_Foto-Atelier-Oradoro-FerdinandoIannone-768x511.jpg\" alt=\"\" \/><\/figure><\/div><div class=\"swiper-slide\" role=\"group\" aria-roledescription=\"slide\" aria-label=\"25 von 25\"><figure class=\"swiper-slide-inner\"><img class=\"swiper-slide-image\" src=\"https:\/\/johanna-sophia.de\/wp-content\/uploads\/2022\/04\/IAN_2221_Foto-Atelier-Oradoro-FerdinandoIannone-768x511.jpg\" alt=\"\" \/><\/figure><\/div>\t\t\t<\/div>\n\t\t\t\t\t\t\t\t\t\t\t\t<div class=\"elementor-swiper-button elementor-swiper-button-prev\" role=\"button\" tabindex=\"0\">\n\t\t\t\t\t\t<i aria-hidden=\"true\" class=\"eicon-chevron-left\"><\/i>\t\t\t\t\t<\/div>\n\t\t\t\t\t<div class=\"elementor-swiper-button elementor-swiper-button-next\" role=\"button\" tabindex=\"0\">\n\t\t\t\t\t\t<i aria-hidden=\"true\" class=\"eicon-chevron-right\"><\/i>\t\t\t\t\t<\/div>\n\t\t\t\t\n\t\t\t\t\t\t\t\t\t<\/div>\n\t\t\t\t<\/div>\n\t\t\t\t<\/div>\n\t\t\t\t<div class=\"elementor-element elementor-element-a56b99a elementor-widget elementor-widget-text-editor\" data-id=\"a56b99a\" data-element_type=\"widget\" data-widget_type=\"text-editor.default\">\n\t\t\t\t<div class=\"elementor-widget-container\">\n\t\t\t\t\t\t\t<p>Wir werden die Helden nicht los. Krisen schwellen an, der Weltuntergang steht vor der T\u00fcr. Ohnmacht befeuert Gr\u00f6\u00dfenwahn und im Alltag w\u00e4chst die Sehnsucht nach Ausbruch.<br \/>Was tun? Wer rettet uns? Helden nat\u00fcrlich. Helden sind gestern. Helden sind gro\u00df. Und was, wenn in die Messias-Sehnsucht schon der Gedanke des Fundamentalismus gelegt ist?<\/p><p>Verw\u00f6hnt und unruhig, gepr\u00e4gt vom ges\u00e4ttigten Zeitalter der fr\u00fchen Generation Y in der BRD, macht sich das MP-Kollektiv auf, um anhand der G\u00f6tterd\u00e4mmerung von Wagner und Elementen des Nibelungenliedes, mythische und pers\u00f6nliche Heldenkonstruktionen zu demontieren:<br \/>Siegfried trifft auf Postheroismus, Sixpack auf Beckenboden, Ironie auf Todesernst, Wagner auf Marusha, Defizit auf Gr\u00f6\u00dfenwahn, Bedeutungslosigkeit auf Systemrelevanz, Leidenschaft auf B\u00fcgelbrett, Chrom-Gold auf Schrottplatz, Hybris auf Selbstzweifel, Weltuntergang auf t\u00f6dliche Langeweile.<\/p><div>\u00a0<\/div><div><strong>Spiel\/Livemusik\/Ausstattung:<\/strong> <br \/>Esther Falk, Johanna Sophia M\u00fcller, Dorothea Lanz, Johannes Werner<br \/><strong>Regie:<\/strong> Veronika Reichard-Bakri<\/div><div>\u00a0<\/div><div>In Kooperation mit dem FITZ Theater animierter Formen und dem Kunstverein Wagenhalle e.V.<\/div><div>G\u00d6TTERD\u00c4MMERUNG wird gef\u00f6rdert durch LafT (Landesverband freier Theater Baden-W\u00fcrttemberg), Kulturamt T\u00fcbingen, Stiftung Integrationskultur E.V. und LBBW Kulturstiftung<\/div><div>Ein besonderer Dank f\u00fcr die Unterst\u00fctzung geht an Nino Perol, Alex Bakri und die Stuttgarter Agentur LMC<\/div><div><p><a tabindex=\"0\" role=\"link\" href=\"http:\/\/kunstverein-wagenhalle.de\/events\/goetterdaemmerung\/?fbclid=IwAR298yoHV8icjuunjpRD102otXiSyki4BXXvPh-jjwb6Oc7mswlr4BALr8E\" target=\"_blank\" rel=\"nofollow noopener\">http:\/\/kunstverein-wagenhalle.de\/events\/goetterdaemmerung\/<\/a><\/p><\/div>\t\t\t\t\t\t<\/div>\n\t\t\t\t<\/div>\n\t\t\t\t<div class=\"elementor-element elementor-element-b0d6d69 elementor-widget elementor-widget-image-gallery\" data-id=\"b0d6d69\" data-element_type=\"widget\" data-widget_type=\"image-gallery.default\">\n\t\t\t\t<div class=\"elementor-widget-container\">\n\t\t\t\t\t<div class=\"elementor-image-gallery\">\n\t\t\t<div id='gallery-1' class='gallery galleryid-1144 gallery-columns-3 gallery-size-medium'><figure class='gallery-item'>\n\t\t\t<div class='gallery-icon portrait'>\n\t\t\t\t<a data-elementor-open-lightbox=\"yes\" data-elementor-lightbox-slideshow=\"b0d6d69\" data-e-action-hash=\"#elementor-action%3Aaction%3Dlightbox%26settings%3DeyJpZCI6MTM1MCwidXJsIjoiaHR0cHM6XC9cL2pvaGFubmEtc29waGlhLmRlXC93cC1jb250ZW50XC91cGxvYWRzXC8yMDIyXC8wNFwvSUFOXzE5NzFfRm90by1BdGVsaWVyLU9yYWRvcm8tRmVyZGluYW5kb0lhbm5vbmUuanBnIiwic2xpZGVzaG93IjoiYjBkNmQ2OSJ9\" href='https:\/\/johanna-sophia.de\/wp-content\/uploads\/2022\/04\/IAN_1971_Foto-Atelier-Oradoro-FerdinandoIannone.jpg'><img width=\"200\" height=\"300\" src=\"https:\/\/johanna-sophia.de\/wp-content\/uploads\/2022\/04\/IAN_1971_Foto-Atelier-Oradoro-FerdinandoIannone-200x300.jpg\" class=\"attachment-medium size-medium\" alt=\"\" loading=\"lazy\" srcset=\"https:\/\/johanna-sophia.de\/wp-content\/uploads\/2022\/04\/IAN_1971_Foto-Atelier-Oradoro-FerdinandoIannone-200x300.jpg 200w, https:\/\/johanna-sophia.de\/wp-content\/uploads\/2022\/04\/IAN_1971_Foto-Atelier-Oradoro-FerdinandoIannone-230x346.jpg 230w, https:\/\/johanna-sophia.de\/wp-content\/uploads\/2022\/04\/IAN_1971_Foto-Atelier-Oradoro-FerdinandoIannone-350x526.jpg 350w, https:\/\/johanna-sophia.de\/wp-content\/uploads\/2022\/04\/IAN_1971_Foto-Atelier-Oradoro-FerdinandoIannone-480x722.jpg 480w, https:\/\/johanna-sophia.de\/wp-content\/uploads\/2022\/04\/IAN_1971_Foto-Atelier-Oradoro-FerdinandoIannone.jpg 665w\" sizes=\"(max-width: 200px) 100vw, 200px\" \/><\/a>\n\t\t\t<\/div><\/figure><figure class='gallery-item'>\n\t\t\t<div class='gallery-icon portrait'>\n\t\t\t\t<a data-elementor-open-lightbox=\"yes\" data-elementor-lightbox-slideshow=\"b0d6d69\" data-e-action-hash=\"#elementor-action%3Aaction%3Dlightbox%26settings%3DeyJpZCI6MTMzOCwidXJsIjoiaHR0cHM6XC9cL2pvaGFubmEtc29waGlhLmRlXC93cC1jb250ZW50XC91cGxvYWRzXC8yMDIyXC8wNFwvSUFOXzE3NDJfRm90by1BdGVsaWVyLU9yYWRvcm8tRmVyZGluYW5kb0lhbm5vbmUtS29waWUuanBnIiwic2xpZGVzaG93IjoiYjBkNmQ2OSJ9\" data-elementor-lightbox-title=\"Theater G\u00f6tterd\u00e4mmerung \/ MP-Kollektiv - Performance mit Musik, Figurentheater, und einer Jugend in den 90ern - Regie: Veronika Reichard-Bakri. Spiel\/Livemusik\/Ausstattung: Esther Falk, Johanna Sophia M\u00fcller, Dorothea Lanz, Johannes Werner - In Koopera\" href='https:\/\/johanna-sophia.de\/wp-content\/uploads\/2022\/04\/IAN_1742_Foto-Atelier-Oradoro-FerdinandoIannone-Kopie.jpg'><img width=\"200\" height=\"300\" src=\"https:\/\/johanna-sophia.de\/wp-content\/uploads\/2022\/04\/IAN_1742_Foto-Atelier-Oradoro-FerdinandoIannone-Kopie-200x300.jpg\" class=\"attachment-medium size-medium\" alt=\"\" loading=\"lazy\" srcset=\"https:\/\/johanna-sophia.de\/wp-content\/uploads\/2022\/04\/IAN_1742_Foto-Atelier-Oradoro-FerdinandoIannone-Kopie-200x300.jpg 200w, https:\/\/johanna-sophia.de\/wp-content\/uploads\/2022\/04\/IAN_1742_Foto-Atelier-Oradoro-FerdinandoIannone-Kopie-230x345.jpg 230w, https:\/\/johanna-sophia.de\/wp-content\/uploads\/2022\/04\/IAN_1742_Foto-Atelier-Oradoro-FerdinandoIannone-Kopie-350x526.jpg 350w, https:\/\/johanna-sophia.de\/wp-content\/uploads\/2022\/04\/IAN_1742_Foto-Atelier-Oradoro-FerdinandoIannone-Kopie-480x721.jpg 480w, https:\/\/johanna-sophia.de\/wp-content\/uploads\/2022\/04\/IAN_1742_Foto-Atelier-Oradoro-FerdinandoIannone-Kopie.jpg 666w\" sizes=\"(max-width: 200px) 100vw, 200px\" \/><\/a>\n\t\t\t<\/div><\/figure><figure class='gallery-item'>\n\t\t\t<div class='gallery-icon portrait'>\n\t\t\t\t<a data-elementor-open-lightbox=\"yes\" data-elementor-lightbox-slideshow=\"b0d6d69\" data-e-action-hash=\"#elementor-action%3Aaction%3Dlightbox%26settings%3DeyJpZCI6MTM0MywidXJsIjoiaHR0cHM6XC9cL2pvaGFubmEtc29waGlhLmRlXC93cC1jb250ZW50XC91cGxvYWRzXC8yMDIyXC8wNFwvSUFOXzE4MzRfRm90by1BdGVsaWVyLU9yYWRvcm8tRmVyZGluYW5kb0lhbm5vbmUtS29waWUuanBnIiwic2xpZGVzaG93IjoiYjBkNmQ2OSJ9\" data-elementor-lightbox-title=\"Theater G\u00f6tterd\u00e4mmerung \/ MP-Kollektiv - Performance mit Musik, Figurentheater, und einer Jugend in den 90ern - Regie: Veronika Reichard-Bakri. Spiel\/Livemusik\/Ausstattung: Esther Falk, Johanna Sophia M\u00fcller, Dorothea Lanz, Johannes Werner - In Koopera\" href='https:\/\/johanna-sophia.de\/wp-content\/uploads\/2022\/04\/IAN_1834_Foto-Atelier-Oradoro-FerdinandoIannone-Kopie.jpg'><img width=\"200\" height=\"300\" src=\"https:\/\/johanna-sophia.de\/wp-content\/uploads\/2022\/04\/IAN_1834_Foto-Atelier-Oradoro-FerdinandoIannone-Kopie-200x300.jpg\" class=\"attachment-medium size-medium\" alt=\"\" loading=\"lazy\" srcset=\"https:\/\/johanna-sophia.de\/wp-content\/uploads\/2022\/04\/IAN_1834_Foto-Atelier-Oradoro-FerdinandoIannone-Kopie-200x300.jpg 200w, https:\/\/johanna-sophia.de\/wp-content\/uploads\/2022\/04\/IAN_1834_Foto-Atelier-Oradoro-FerdinandoIannone-Kopie-230x345.jpg 230w, https:\/\/johanna-sophia.de\/wp-content\/uploads\/2022\/04\/IAN_1834_Foto-Atelier-Oradoro-FerdinandoIannone-Kopie-350x526.jpg 350w, https:\/\/johanna-sophia.de\/wp-content\/uploads\/2022\/04\/IAN_1834_Foto-Atelier-Oradoro-FerdinandoIannone-Kopie-480x721.jpg 480w, https:\/\/johanna-sophia.de\/wp-content\/uploads\/2022\/04\/IAN_1834_Foto-Atelier-Oradoro-FerdinandoIannone-Kopie.jpg 666w\" sizes=\"(max-width: 200px) 100vw, 200px\" \/><\/a>\n\t\t\t<\/div><\/figure>\n\t\t<\/div>\n\t\t<\/div>\n\t\t\t\t<\/div>\n\t\t\t\t<\/div>\n\t\t\t\t<div class=\"elementor-element elementor-element-180bf15 elementor-widget elementor-widget-text-editor\" data-id=\"180bf15\" data-element_type=\"widget\" data-widget_type=\"text-editor.default\">\n\t\t\t\t<div class=\"elementor-widget-container\">\n\t\t\t\t\t\t\t<p>Alle Bilder von Ferdinando Iannone &#8211; Fotoatelier Oradoro<\/p>\t\t\t\t\t\t<\/div>\n\t\t\t\t<\/div>\n\t\t\t\t<div class=\"elementor-element elementor-element-1d2411e elementor-widget elementor-widget-image\" data-id=\"1d2411e\" data-element_type=\"widget\" data-widget_type=\"image.default\">\n\t\t\t\t<div class=\"elementor-widget-container\">\n\t\t\t\t\t\t\t\t\t\t\t\t\t\t\t<img width=\"1000\" height=\"662\" src=\"https:\/\/johanna-sophia.de\/wp-content\/uploads\/2022\/02\/NIK_5728.jpg\" class=\"attachment-large size-large wp-image-1149\" alt=\"\" loading=\"lazy\" srcset=\"https:\/\/johanna-sophia.de\/wp-content\/uploads\/2022\/02\/NIK_5728.jpg 1000w, https:\/\/johanna-sophia.de\/wp-content\/uploads\/2022\/02\/NIK_5728-300x199.jpg 300w, https:\/\/johanna-sophia.de\/wp-content\/uploads\/2022\/02\/NIK_5728-768x508.jpg 768w, https:\/\/johanna-sophia.de\/wp-content\/uploads\/2022\/02\/NIK_5728-830x549.jpg 830w, https:\/\/johanna-sophia.de\/wp-content\/uploads\/2022\/02\/NIK_5728-230x152.jpg 230w, https:\/\/johanna-sophia.de\/wp-content\/uploads\/2022\/02\/NIK_5728-350x232.jpg 350w, https:\/\/johanna-sophia.de\/wp-content\/uploads\/2022\/02\/NIK_5728-480x318.jpg 480w\" sizes=\"(max-width: 1000px) 100vw, 1000px\" \/>\t\t\t\t\t\t\t\t\t\t\t\t\t\t\t<\/div>\n\t\t\t\t<\/div>\n\t\t\t\t\t<\/div>\n\t\t<\/div>\n\t\t\t\t\t\t\t<\/div>\n\t\t<\/section>\n\t\t\t\t\t\t\t<\/div>\n\t\t","protected":false},"excerpt":{"rendered":"<p> [&hellip;]<\/p>\n","protected":false},"author":1,"featured_media":0,"parent":0,"menu_order":0,"comment_status":"closed","ping_status":"closed","template":"","meta":[],"_links":{"self":[{"href":"https:\/\/johanna-sophia.de\/index.php?rest_route=\/wp\/v2\/pages\/1144"}],"collection":[{"href":"https:\/\/johanna-sophia.de\/index.php?rest_route=\/wp\/v2\/pages"}],"about":[{"href":"https:\/\/johanna-sophia.de\/index.php?rest_route=\/wp\/v2\/types\/page"}],"author":[{"embeddable":true,"href":"https:\/\/johanna-sophia.de\/index.php?rest_route=\/wp\/v2\/users\/1"}],"replies":[{"embeddable":true,"href":"https:\/\/johanna-sophia.de\/index.php?rest_route=%2Fwp%2Fv2%2Fcomments&post=1144"}],"version-history":[{"count":10,"href":"https:\/\/johanna-sophia.de\/index.php?rest_route=\/wp\/v2\/pages\/1144\/revisions"}],"predecessor-version":[{"id":1788,"href":"https:\/\/johanna-sophia.de\/index.php?rest_route=\/wp\/v2\/pages\/1144\/revisions\/1788"}],"wp:attachment":[{"href":"https:\/\/johanna-sophia.de\/index.php?rest_route=%2Fwp%2Fv2%2Fmedia&parent=1144"}],"curies":[{"name":"wp","href":"https:\/\/api.w.org\/{rel}","templated":true}]}}